{"id":239,"date":"2025-02-02T17:43:35","date_gmt":"2025-02-02T20:43:35","guid":{"rendered":"https:\/\/aleartedeco.com.br\/?post_type=product&#038;p=239"},"modified":"2026-03-24T22:26:47","modified_gmt":"2026-03-25T01:26:47","slug":"conjunto-top-e-saia-com-tecido","status":"publish","type":"product","link":"https:\/\/aleartedeco.com.br\/?product=conjunto-top-e-saia-com-tecido","title":{"rendered":"Conjunto Gypsy"},"content":{"rendered":"<p><strong>Descri\u00e7\u00e3o<\/strong><\/p>\n<p>conjunto composto por top com bojo e amarra\u00e7\u00e3o atr\u00e1s e saia longa com forro e regulagem na cintura.<\/p>\n<p>&nbsp;<\/p>\n<p><strong>Composi\u00e7\u00e3o<\/strong><\/p>\n<p>produzido artesanalmente com linha 50% algod\u00e3o e 50% acr\u00edlico<\/p>\n<p>&nbsp;<\/p>\n<p><strong>Pronta entrega<\/strong><\/p>\n<p>veste tamanho M<\/p>\n<p>&nbsp;<\/p>\n<p><strong>Observa\u00e7\u00e3o<\/strong><\/p>\n<p>Caso queira encomendar o conjunto com uma cor diferente ou sob medida, entre em contato conosco pelo WhatsApp antes de fazer o seu pedido \ud83d\ude42<\/p>\n","protected":false},"excerpt":{"rendered":"<p>Descri\u00e7\u00e3o conjunto composto por top com bojo e amarra\u00e7\u00e3o atr\u00e1s e saia longa com forro e regulagem na cintura. &nbsp; Composi\u00e7\u00e3o produzido artesanalmente com linha 50% algod\u00e3o e 50% acr\u00edlico [&hellip;]<\/p>\n","protected":false},"featured_media":482,"comment_status":"open","ping_status":"closed","template":"","meta":[],"product_brand":[],"product_cat":[17,21,20],"product_tag":[],"class_list":{"0":"post-239","1":"product","2":"type-product","3":"status-publish","4":"has-post-thumbnail","6":"product_cat-conjunto","7":"product_cat-saia","8":"product_cat-top","10":"first","11":"instock","12":"shipping-taxable","13":"purchasable","14":"product-type-simple"},"_links":{"self":[{"href":"https:\/\/aleartedeco.com.br\/index.php?rest_route=\/wp\/v2\/product\/239","targetHints":{"allow":["GET"]}}],"collection":[{"href":"https:\/\/aleartedeco.com.br\/index.php?rest_route=\/wp\/v2\/product"}],"about":[{"href":"https:\/\/aleartedeco.com.br\/index.php?rest_route=\/wp\/v2\/types\/product"}],"replies":[{"embeddable":true,"href":"https:\/\/aleartedeco.com.br\/index.php?rest_route=%2Fwp%2Fv2%2Fcomments&post=239"}],"wp:featuredmedia":[{"embeddable":true,"href":"https:\/\/aleartedeco.com.br\/index.php?rest_route=\/wp\/v2\/media\/482"}],"wp:attachment":[{"href":"https:\/\/aleartedeco.com.br\/index.php?rest_route=%2Fwp%2Fv2%2Fmedia&parent=239"}],"wp:term":[{"taxonomy":"product_brand","embeddable":true,"href":"https:\/\/aleartedeco.com.br\/index.php?rest_route=%2Fwp%2Fv2%2Fproduct_brand&post=239"},{"taxonomy":"product_cat","embeddable":true,"href":"https:\/\/aleartedeco.com.br\/index.php?rest_route=%2Fwp%2Fv2%2Fproduct_cat&post=239"},{"taxonomy":"product_tag","embeddable":true,"href":"https:\/\/aleartedeco.com.br\/index.php?rest_route=%2Fwp%2Fv2%2Fproduct_tag&post=239"}],"curies":[{"name":"wp","href":"https:\/\/api.w.org\/{rel}","templated":true}]}}