{"id":331,"date":"2025-02-09T21:38:54","date_gmt":"2025-02-10T00:38:54","guid":{"rendered":"https:\/\/aleartedeco.com.br\/?page_id=331"},"modified":"2025-07-23T14:35:13","modified_gmt":"2025-07-23T17:35:13","slug":"como-comprar","status":"publish","type":"page","link":"https:\/\/aleartedeco.com.br\/?page_id=331","title":{"rendered":"Como comprar"},"content":{"rendered":"\n<p><\/p>\n\n\n\n<h3 class=\"wp-block-heading\">Sua experi\u00eancia exclusiva come\u00e7a aqui!<\/h3>\n\n\n\n<p>Ficamos felizes em saber que voc\u00ea deseja adquirir uma pe\u00e7a&nbsp;<strong>Ale Art &amp; Deco<\/strong>. Para garantir que sua experi\u00eancia de compra seja impec\u00e1vel, preparamos um guia para te ajudar nesse processo.<\/p>\n\n\n\n<p>Se voc\u00ea ainda n\u00e3o tem um modelo espec\u00edfico em mente, explore o nosso cat\u00e1logo na&nbsp;<strong><a href=\"https:\/\/aleartedeco.com.br\/?page_id=17\" data-type=\"page\" data-id=\"17\">Loja<\/a><\/strong>&nbsp;e descubra cria\u00e7\u00f5es \u00fanicas, feitas \u00e0 m\u00e3o com maestria e tradi\u00e7\u00e3o. Para mais detalhes sobre um produto, basta clicar sobre ele para acessar todas as informa\u00e7\u00f5es.<\/p>\n\n\n\n<p><strong>Como encontrar a pe\u00e7a perfeita:<\/strong><br>\u2714 Utilize a&nbsp;<strong>busca<\/strong>&nbsp;para localizar um produto ou uma categoria espec\u00edfica.<br>\u2714 Antes de selecionar o tamanho, consulte a nossa&nbsp;<strong>Tabela de Medidas<\/strong>&nbsp;para encontrar o ajuste ideal para voc\u00ea.<br>\u2714 Para&nbsp;<strong>conjuntos<\/strong>, \u00e9 poss\u00edvel solicitar tamanhos diferentes para cada pe\u00e7a. Por exemplo, um&nbsp;<strong>top P<\/strong>&nbsp;e um&nbsp;<strong>short M<\/strong>. Para isso, escolha um tamanho ao adicionar ao carrinho e especifique os detalhes nas observa\u00e7\u00f5es do pedido antes de finalizar sua compra.<\/p>\n\n\n\n<p><strong>Solicita\u00e7\u00f5es personalizadas:<\/strong><br>Se n\u00e3o encontrou exatamente o que procura, entre em contato conosco para solicitar um or\u00e7amento exclusivo. Voc\u00ea pode enviar uma refer\u00eancia e criaremos algo especial para voc\u00ea.&nbsp;<strong>Vale lembrar que n\u00e3o reproduzimos modelos de outras marcas, pois cada pe\u00e7a \u00e9 autoral e \u00fanica.<\/strong><\/p>\n\n\n\n<p><strong>Exclusividade e encomendas:<\/strong><br>Voc\u00ea deve ter notado que todas as pe\u00e7as contam com apenas uma unidade de cada modelo e tamanho. Isso acontece porque as pe\u00e7as dispon\u00edveis \u00e0 pronta entrega s\u00e3o cria\u00e7\u00f5es autorais da nossa artes\u00e3, o que refor\u00e7a o car\u00e1ter exclusivo do nosso trabalho. <\/p>\n\n\n\n<p>Caso o tamanho desejado n\u00e3o esteja dispon\u00edvel, voc\u00ea pode optar pela\u00a0<strong>encomenda<\/strong> e n\u00f3s produziremos a pe\u00e7a especialmente para voc\u00ea, respeitando o nosso <a data-type=\"page\" data-id=\"308\" href=\"https:\/\/aleartedeco.com.br\/?page_id=308\">prazo de produ\u00e7\u00e3o<\/a>.<\/p>\n\n\n\n<p><strong>Sobre o acabamento de pe\u00e7as artesanais:<\/strong><br>Por ser um trabalho feito \u00e0 m\u00e3o, cada pe\u00e7a possui identidade pr\u00f3pria. Pequenas varia\u00e7\u00f5es na ordem das cores e na quantidade de carreiras podem ocorrer de acordo com o tamanho escolhido \u2014 um detalhe que refor\u00e7a a exclusividade do nosso croch\u00ea.<\/p>\n\n\n\n<p>Se voc\u00ea tiver alguma d\u00favida durante o processo de compra, estamos \u00e0 disposi\u00e7\u00e3o para te atender com toda a aten\u00e7\u00e3o que voc\u00ea merece. Entre em contato pelo&nbsp;<strong>WhatsApp<\/strong>&nbsp;(64 99927-0986), pelo&nbsp;<strong>Instagram<\/strong>&nbsp;<a class=\"\" href=\"https:\/\/www.instagram.com\/ale.artedeco\">@ale.artedeco<\/a>&nbsp;ou pelo&nbsp;<strong>e-mail<\/strong>(<a class=\"\">alessandra.artedeco@gmail.com<\/a>).<\/p>\n\n\n\n<p><\/p>\n\n\n\n<p><strong>Descubra a beleza do feito \u00e0 m\u00e3o e leve para casa uma pe\u00e7a \u00fanica.<\/strong><\/p>\n\n\n\n<p><\/p>\n","protected":false},"excerpt":{"rendered":"<p>Sua experi\u00eancia exclusiva come\u00e7a aqui! Ficamos felizes em saber que voc\u00ea deseja adquirir uma pe\u00e7a&nbsp;Ale Art &amp; Deco. Para garantir que sua experi\u00eancia de compra seja impec\u00e1vel, preparamos um guia [&hellip;]<\/p>\n","protected":false},"author":2,"featured_media":0,"parent":0,"menu_order":0,"comment_status":"closed","ping_status":"closed","template":"","meta":{"footnotes":""},"class_list":["post-331","page","type-page","status-publish","hentry"],"_links":{"self":[{"href":"https:\/\/aleartedeco.com.br\/index.php?rest_route=\/wp\/v2\/pages\/331","targetHints":{"allow":["GET"]}}],"collection":[{"href":"https:\/\/aleartedeco.com.br\/index.php?rest_route=\/wp\/v2\/pages"}],"about":[{"href":"https:\/\/aleartedeco.com.br\/index.php?rest_route=\/wp\/v2\/types\/page"}],"author":[{"embeddable":true,"href":"https:\/\/aleartedeco.com.br\/index.php?rest_route=\/wp\/v2\/users\/2"}],"replies":[{"embeddable":true,"href":"https:\/\/aleartedeco.com.br\/index.php?rest_route=%2Fwp%2Fv2%2Fcomments&post=331"}],"version-history":[{"count":6,"href":"https:\/\/aleartedeco.com.br\/index.php?rest_route=\/wp\/v2\/pages\/331\/revisions"}],"predecessor-version":[{"id":765,"href":"https:\/\/aleartedeco.com.br\/index.php?rest_route=\/wp\/v2\/pages\/331\/revisions\/765"}],"wp:attachment":[{"href":"https:\/\/aleartedeco.com.br\/index.php?rest_route=%2Fwp%2Fv2%2Fmedia&parent=331"}],"curies":[{"name":"wp","href":"https:\/\/api.w.org\/{rel}","templated":true}]}}